-g, 0*k = 5*k + 2*u - 305. What is the greatest common divisor of k and 21?
21
Let x(t) = t**3 + 14*t**2 + 12*t - 8. Let m be x(-13). Suppose -m*f - f + 60 = 0. What is the highest common factor of f and 25?
5
Suppose 59 - 222 = -112*q + 61. Let c(n) = -n + 1. Let j be c(-6). What is the greatest common divisor of j and q?
1
Let p(t) = -133*t - 12 + 134*t - 14*t**2 + t**3 + 3*t**2. Let s be p(11). Let x(c) = -45*c + 3. Let z be x(s). Calculate the greatest common factor of z and 6.
6
Let t(b) = 4*b**3 + b**2 - 2*b + 2. Let o be t(1). Suppose -o*k + 80 = 2*p + 4, 0 = -p - 4*k + 35. Calculate the greatest common factor of p and 129.
43
Let o be ((-40)/7)/((-22)/154). What is the greatest common divisor of o and 5?
5
Let i be 10*4*(-63)/(-24). What is the highest common factor of i and 14?
7
Let q = 29 - 27. Suppose -2*b - 5*n + 23 = 0, -3*n = 4*b - q - 23. Let z be b/14 + (-648)/(-84). What is the greatest common factor of 88 and z?
8
Suppose 0 = -30*j + 110*j - 160. What is the greatest common divisor of j and 3?
1
Let p(w) = w**3 - 27*w**2 + 6*w - 36. Let f be p(27). Calculate the greatest common divisor of f and 336.
42
Let h(z) = z**3 - 5*z**2 - z + 3. Suppose 30 = 5*g + g. Let r be h(g). Let n be (9/r)/(1/(-12)). What is the highest common factor of 135 and n?
27
Suppose -2*p - 4 + 22 = -m, 8 = 4*m. Calculate the highest common factor of 480 and p.
10
Let j(c) = -3*c - 5. Let t be j(-5). Let y = 13 - 5. Let s be (-15)/(-3)*(y + -3). What is the highest common divisor of t and s?
5
Let f(z) = z + 11. Let b be f(-8). Suppose 1 = -2*n - 5*o, b*n + 2*o - 1 = 3. Let x = 75 - 53. Calculate the greatest common factor of x and n.
2
Suppose 3*h - 2*k = 194, 4*h + 318 = 9*h - 2*k. Calculate the greatest common divisor of h and 1333.
31
Let y = 80 + -59. Suppose -11 = -5*h + 4. Let o(r) = 4*r + 2. Let n be o(h). Calculate the highest common divisor of n and y.
7
Let m be (-37 - -42) + 37*1. Calculate the highest common factor of 105 and m.
21
Suppose -4*x + 356 = 5*v, -68 = -x + 30*v - 26*v. Calculate the greatest common factor of 651 and x.
21
Let v = 1252 + -724. Suppose -16*r + 1936 - v = 0. Calculate the highest common factor of 66 and r.
22
Suppose -5*w + 55 + 5 = 0. Let q be 4/(w/9) - -1. Suppose q*v + 5 = 13. Calculate the greatest common divisor of v and 2.
2
Let g = 17 - -23. Suppose 5*m + g = -0*f + 3*f, -5*f + m + 30 = 0. Calculate the highest common factor of 15 and f.
5
Suppose 0 = -7*z + 3*z. Suppose z = 3*l - 12 - 3. Suppose -8*f + l*f + 60 = 0. Calculate the highest common divisor of 20 and f.
20
Suppose c + 2*o + 101 = 0, c - 3*c = -3*o + 188. Let r = -73 - c. Calculate the highest common factor of 4 and r.
4
Let v be 14/4*12/2. Let r be -2 + 6 + 0/(-1). Let o be r/(-16) + (-13)/(-4). Calculate the greatest common factor of o and v.
3
Suppose 4*g - 5 = 3. Suppose 0 = 4*y + g*t - 826, -t - 398 = -2*y - 5*t. What is the highest common divisor of y and 19?
19
Let i = 698 + -137. What is the greatest common divisor of i and 51?
51
Suppose -134*k + 155*k = 1050. Calculate the highest common factor of k and 170.
10
Suppose -3*n - x + 15 = -25, -n + 10 = x. Suppose -i = -n - 3. What is the highest common divisor of 72 and i?
18
Suppose 2*v = 6*v - 5*i - 24, 3*v + 5*i - 53 = 0. Calculate the highest common divisor of v and 22.
11
Let l be 0 - (4 - 10)*1. Suppose -57 = -i - 9. Calculate the greatest common factor of i and l.
6
Suppose 2*u + 6 - 28 = 0. Suppose 10*i + 5 - 995 = 0. Calculate the highest common divisor of u and i.
11
Let j(m) = m**2 - 14*m - 179. Let t be j(-9). Calculate the highest common factor of t and 364.
28
Suppose -4*t + 83 + 22 = -3*b, 84 = 4*t + 4*b. What is the highest common divisor of 156 and t?
12
Let g(w) = -w**3 + 6*w**2 - w - 5. Let l be g(6). Let q(t) = 7*t + 94. Let b be q(-10). Let i = b - l. What is the highest common divisor of 14 and i?
7
Let b(j) = 16*j**2 - j + 1. Let t be b(2). Calculate the highest common divisor of 14 and t.
7
Let k = 8 - 9. Let j be k*-5*(2 + -5). Let t be (-2)/10 + (-48)/j. Calculate the highest common divisor of t and 3.
3
Let o = -1253 + 1266. Suppose -58 = -4*d - 6. Calculate the highest common factor of o and d.
13
Let z(k) = k**3 - 11*k**2 + 2*k - 6. Let p be (13 - 2) + -3 - -3. Suppose 3*h - 2*h = p. Let d be z(h). Calculate the greatest common divisor of d and 40.
8
Let p(l) = -l + 14. Let r be p(6). Let g = 0 + -4. Let f = 12 + g. Calculate the highest common divisor of f and r.
8
Let m = -554 - -626. Calculate the highest common factor of m and 72.
72
Let v be 3/6*-6 + 1. Let o be v/(-2) - 2/(-1). Suppose o*l = 2*n - 12 - 63, -2*n = 2*l - 70. What is the highest common divisor of 18 and n?
18
Suppose 31*c - 25*c - 3762 = 0. What is the highest common divisor of c and 99?
33
Suppose 5*n - 5*k - 51 = -21, 5*k = -3*n + 26. Let x = n - -2. Let p be (7 - -3)/(-2 + 0)*6/(-5). What is the highest common divisor of x and p?
3
Let n(o) = -19*o - 14. Let y be n(-17). Suppose -4*i + y = g, 402 = 5*i - 5*g + g. What is the greatest common factor of 6 and i?
6
Let a be 198/15 + ((-19)/(-5) - 3). Let u(q) = -q**2 - 9*q + 12. Let y be u(-9). Let x = y - 5. Calculate the highest common factor of a and x.
7
Let m be -13*2/(-8)*-4. Let a = m + 19. Suppose -2*q + 23 + 37 = 0. Calculate the highest common factor of a and q.
6
Suppose 117 = 16*r - 3*r. What is the highest common divisor of 243 and r?
9
Let m be (-26 - -1)/(-3 - (-3 - -1)). Suppose 10 = -0*t + t. What is the greatest common divisor of t and m?
5
Let r(u) = 16*u - 46. Let d be r(4). Calculate the highest common divisor of d and 126.
18
Suppose g - 1 + 7 = 0. Let x = 21 - g. What is the highest common factor of x and 3?
3
Let a = -1216 - -1233. Suppose -m + 19 = -168. What is the greatest common factor of a and m?
17
Let n(o) = -o**3 + 19*o**2 - 31*o - 9. Let j be n(17). What is the greatest common divisor of 78 and j?
6
Suppose u + 3*o + 5 = 3, -6 = 3*u + 2*o. Let c be u/(-3)*27*(-56)/(-12). Calculate the highest common divisor of c and 28.
28
Let m = -113 - 7. Let g = m + 129. What is the greatest common factor of g and 108?
9
Suppose -754 = -5*m + 3*y, -y = -5*m + 1028 - 270. What is the highest common divisor of m and 8?
8
Let r(x) = x**3 - 5*x**2 + 3*x + 9. Let l be r(5). Suppose -2*p = 3*c - 42, 0*c - 4*c + 2*p + 70 = 0. Calculate the highest common divisor of c and l.
8
Let y(s) = s + 13. Let h be y(-11). Suppose m = h*m - 15. What is the highest common divisor of m and 10?
5
Suppose 18*p = 2204 + 4726. Calculate the greatest common divisor of 35 and p.
35
Let w(j) = -2*j**2 + 13*j - 13. Let o be w(3). Calculate the greatest common factor of 592 and o.
8
Let b = -27 - -48. Let i be 833/b + 2/6. Suppose k - 6 - 2 = 0. What is the greatest common divisor of k and i?
8
Let d(c) = c**3 - 9*c**2 - 19*c - 20. Let x be d(11). Let u = 102 - 63. What is the greatest common divisor of u and x?
13
Suppose -107*x = 41*x - 7104. Suppose 3*o = 2*i + 12, 0 = -2*o + o - 4*i + 18. What is the highest common factor of o and x?
6
Suppose -930 = 52*q - 58*q. Calculate the highest common factor of q and 31.
31
Let f = -62 + 66. Suppose c = -f*w + 458 - 166, c = 2*w - 140. What is the highest common divisor of w and 8?
8
Suppose -s = -3*s + 6. Let m be (-81)/(-21) + s/21. Let r = m - -9. Calculate the greatest common divisor of r and 52.
13
Let l = -971 - -977. Calculate the highest common divisor of 87 and l.
3
Let i(a) = 4*a**2 + 6*a - 40*a**3 + 2 + a**2 - 1 + 39*a**3. Let v be i(6). Let l(k) = 26*k - 2. Let m be l(v). Calculate the highest common factor of 12 and m.
12
Let m(w) = -19*w - 6. Let b be m(5). Let j = b - -227. Let l be (1*-7 - (-9 + 14 + -6)) + 24. Calculate the highest common factor of j and l.
18
Let f = -229 - -251. What is the greatest common factor of 2 and f?
2
Let u(z) = -127*z**3 + 3 - 3 - 4*z - 3. Let l be u(-1). What is the greatest common divisor of 16 and l?
16
Let w(k) = -k**3 - 49*k**2 - 49*k + 120. Let y be w(-48). What is the greatest common factor of y and 24?
24
Let x(c) = 95*c - 2. Let h be x(1). Suppose 0 = -2*d - 3*j + 64, -5*j - h - 41 = -3*d. Suppose -3*w = -5*w + 38. What is the greatest common factor of d and w?
19
Let f be 23/((-759)/(-3982)) + 4/(-6). Let m be (-23 + 2)*-2 + -2. Calculate the greate